 factors of 178604?
2, 44651
What are the prime factors of 8533?
7, 23, 53
What are the prime factors of 519953?
7, 74279
What are the prime factors of 13563474?
2, 3, 29, 77951
List the prime factors of 5083748.
2, 17, 74761
What are the prime factors of 5144071?
331, 15541
List the prime factors of 7809574.
2, 43, 71, 1279
List the prime factors of 7750882.
2, 97, 39953
List the prime factors of 1572736.
2, 11, 1117
What are the prime factors of 1523598?
2, 3, 197, 1289
List the prime factors of 2132925.
3, 5, 28439
List the prime factors of 260072.
2, 19, 29, 59
What are the prime factors of 19478620?
2, 5, 7, 139133
What are the prime factors of 135319?
135319
What are the prime factors of 6152052?
2, 3, 512671
List the prime factors of 2612153.
31, 84263
List the prime factors of 735986.
2, 71, 73
What are the prime factors of 1343251?
7, 13, 29, 509
List the prime factors of 6620080.
2, 5, 83, 997
What are the prime factors of 1314722?
2, 657361
What are the prime factors of 3080517?
3, 11, 277, 337
What are the prime factors of 61114?
2, 30557
What are the prime factors of 7515470?
2, 5, 131, 5737
What are the prime factors of 151138?
2, 13, 5813
What are the prime factors of 2046041?
877, 2333
What are the prime factors of 195564?
2, 3, 43, 379
List the prime factors of 145738.
2, 72869
What are the prime factors of 740344?
2, 11, 47, 179
List the prime factors of 15731.
15731
List the prime factors of 824587.
233, 3539
List the prime factors of 25606528.
2, 19, 10529
What are the prime factors of 17701328?
2, 47, 23539
List the prime factors of 1294974.
2, 3, 23981
List the prime factors of 130223.
130223
What are the prime factors of 151197?
3, 101, 499
What are the prime factors of 105525?
3, 5, 7, 67
List the prime factors of 86456.
2, 101, 107
List the prime factors of 586040.
2, 5, 7, 13, 23
What are the prime factors of 2502321?
3, 834107
What are the prime factors of 124117?
7, 17, 149
List the prime factors of 307118.
2, 7, 21937
What are the prime factors of 730595?
5, 23, 6353
What are the prime factors of 192594?
2, 3, 32099
What are the prime factors of 9514076?
2, 11, 13, 16633
What are the prime factors of 108143?
7, 2207
What are the prime factors of 2110463?
19, 277, 401
What are the prime factors of 625825?
5, 25033
List the prime factors of 416481.
3, 13, 59, 181
List the prime factors of 333804.
2, 3, 27817
List the prime factors of 10339504.
2, 7, 92317
What are the prime factors of 4294700?
2, 5, 67, 641
What are the prime factors of 34202?
2, 7, 349
List the prime factors of 8580091.
13, 43, 15349
List the prime factors of 739017.
3, 101, 271
List the prime factors of 25567617.
3, 613, 13903
What are the prime factors of 20422732?
2, 11, 59, 7867
What are the prime factors of 751513?
7, 313
List the prime factors of 4886333.
4886333
List the prime factors of 6691669.
2557, 2617
List the prime factors of 41993.
7, 857
What are the prime factors of 62262?
2, 3, 1153
What are the prime factors of 4491612?
2, 3, 4621
List the prime factors of 708963.
3, 29, 281
What are the prime factors of 738840?
2, 3, 5, 47, 131
List the prime factors of 9328740.
2, 3, 5, 181, 859
List the prime factors of 13386446.
2, 17, 47, 8377
List the prime factors of 1229488.
2, 13, 23, 257
What are the prime factors of 991447?
991447
What are the prime factors of 5378910?
2, 3, 5, 193, 929
List the prime factors of 20283220.
2, 5, 1014161
What are the prime factors of 14028008?
2, 593, 2957
What are the prime factors of 171526?
2, 139, 617
List the prime factors of 2093856.
2, 3, 17, 1283
What are the prime factors of 493163?
11, 107, 419
List the prime factors of 32056528.
2, 7, 193, 1483
List the prime factors of 2727524.
2, 23, 1289
What are the prime factors of 4526501?
7, 646643
What are the prime factors of 65725?
5, 11, 239
What are the prime factors of 19655641?
19655641
What are the prime factors of 284648?
2, 7, 13, 17, 23
List the prime factors of 311930.
2, 5, 31193
List the prime factors of 443185.
5, 151, 587
List the prime factors of 1356.
2, 3, 113
List the prime factors of 256729.
11, 23339
What are the prime factors of 615340?
2, 5, 11, 2797
List the prime factors of 787751.
787751
List the prime factors of 930590.
2, 5, 93059
What are the prime factors of 347044?
2, 53, 1637
List the prime factors of 198542.
2, 37, 2683
What are the prime factors of 27188877?
3, 79, 89, 1289
What are the prime factors of 887649?
3, 7, 43, 983
What are the prime factors of 61192?
2, 7649
What are the prime factors of 75914?
2, 37957
List the prime factors of 406422.
2, 3, 67, 337
What are the prime factors of 98605?
5, 13, 37, 41
What are the prime factors of 669827?
59, 11353
List the prime factors of 102892.
2, 29, 887
List the prime factors of 1299349.
1299349
List the prime factors of 54815.
5, 19, 577
List the prime factors of 117267.
3, 39089
List the prime factors of 13959500.
2, 5, 27919
What are the prime factors of 177144?
2, 3, 11, 61
What are the prime factors of 16453639?
19, 619, 1399
What are the prime factors of 5264281?
11, 478571
What are the prime factors of 2960778?
2, 3, 493463
List the prime factors of 62710.
2, 5, 6271
List the prime factors of 20391354.
2, 3, 137, 8269
List the prime factors of 28158319.
7, 131, 30707
List the prime factors of 670986.
2, 3, 37277
List the prime factors of 328421.
328421
What are the prime factors of 54498?
2, 3, 31, 293
What are the prime factors of 1972851?
3, 657617
List the prime factors of 865152.
2, 3, 751
What are the prime factors of 533595?
3, 5, 35573
What are the prime factors of 76271?
13, 5867
What are the prime factors of 58869?
3, 31, 211
What are the prime factors of 1679697?
3, 89, 233
What are the prime factors of 226381?
226381
What are the prime factors of 303075?
3, 5, 449
What are the prime factors of 1241805?
3, 5, 82787
What are the prime factors of 10980616?
2, 239, 5743
List the prime factors of 677610.
2, 3, 5, 7529
List the prime factors of 477898.
2, 238949
What are the prime factors of 92343?
3, 30781
List the prime factors of 6359626.
2, 7, 13, 83, 421
List the prime factors of 2634259.
23, 53, 2161
List the prime factors of 4732406.
2, 7, 19, 17791
What are the prime factors of 2084706?
2, 3, 13, 59, 151
List the prime factors of 182291.
17, 10723
What are the prime factors of 39099?
3, 13033
List the prime factors of 174084.
2, 3, 89, 163
List the prime factors of 359616.
2, 3, 1873
What are the prime factors of 5866518?
2, 3, 7, 23, 6073
What are the prime factors of 15699114?
2, 3, 872173
List the prime factors of 7783673.
19, 89, 4603
List the prime factors of 223605.
3, 5, 4969
What are the prime factors of 490742?
2, 7, 35053
What are the prime factors of 6040336?
2, 377521
List the prime factors of 1846481.
7, 13, 103, 197
List the prime factors of 1132910.
2, 5, 193, 587
What are the prime factors of 388354?
2, 277, 701
List the prime factors of 3318.
2, 3, 7, 79
List the prime factors of 8472568.
2, 13, 41, 1987
List the prime factors of 1065743.
7, 152249
List the prime factors of 1240784.
2, 77549
What are the prime factors of 120426?
2, 3, 20071
List the prime factors of 92564.
2, 73, 317
List the prime factors of 16363754.
2, 11, 281, 2647
What are the prime factors of 6387470?
2, 5, 271, 2357
What are the prime factors of 1340151?
3, 446717
What are the prime factors of 20441758?
2, 19, 537941
What are the prime factors of 21103?
47, 449
List the prime factors of 22045747.
37, 67, 8893
List the prime factors of 1369679.
43, 53, 601
What are the prime factors of 2868656?
2, 7, 3659
List the prime factors of 394093.
7, 56299
What are the prime factors of 9284136?
2, 3, 386839
List the prime factors of 1120934.
2, 137, 4091
List the prime factors of 230423.
31, 7433
List the prime factors of 33146704.
2, 2071669
What are the prime factors of 221504?
2, 3461
List the prime factors of 25826710.
2, 5, 7, 13, 101, 281
List the prime factors of 115748.
2, 19, 1523
List the prime factors of 19459354.
2, 9729677
List the prime factors of 36546249.
3, 131, 92993
What are the prime factors of 4008478?
2, 383, 5233
List the prime factors of 5392640.
2, 5, 11, 383
List the prime factors of 3813947.
1171, 3257
What are the prime factors of 1959990